tors of y.
2, 19
Let b(k) = 32*k**2 - 6*k + 1. What are the prime factors of b(3)?
271
Suppose -3*i + 9*i = 114. What are the prime factors of i?
19
Let m(q) = 8*q**2 + 7*q - 11. Let u(c) = 4*c**2 + 3*c - 5. Let a(z) = -4*m(z) + 9*u(z). List the prime factors of a(-1).
2
List the prime factors of 7 - -226 - (1 + -4).
2, 59
Suppose 0 = -o + 4*z + 31, z = -2*o - 2*z + 106. List the prime factors of o.
47
Let t(a) = a**2 + 2*a. Let y be t(-2). Suppose g + g + 16 = y. Let m(z) = z**3 + 8*z**2 - z + 9. List the prime factors of m(g).
17
Let w(c) = 8*c**2 - 2*c - 1. What are the prime factors of w(-2)?
5, 7
Let p(k) = 3*k**3 + 11*k**2 - 4*k - 4. Let a(q) = -2*q**3 - 11*q**2 + 5*q + 4. Let u(n) = -4*a(n) - 3*p(n). What are the prime factors of u(10)?
2
Suppose -3*q + 126 = a - 0*a, a = -4*q + 169. List the prime factors of q.
43
Suppose 7*z - 63 - 35 = 0. Let s = z - -19. What are the prime factors of s?
3, 11
Suppose 4*m - 384 = -148. List the prime factors of m.
59
Suppose -59 = 3*b + 4*n, 0 = -n + 2*n + 5. Let o(s) = -s**3 - 13*s**2 - s - 6. What are the prime factors of o(b)?
7
Let h(f) = f**3 - 6*f**2 + 3. Suppose 0*n - 12 = -4*n + c, 0 = 3*n + 3*c + 6. Let z = n + 4. List the prime factors of h(z).
3
Suppose x = -3*x - l + 77, 2*x = 4*l + 34. What are the prime factors of x?
19
Suppose 4*h - 41 = -0*a - 3*a, 4*a - 51 = -5*h. Let z = -4 + h. List the prime factors of z.
7
Suppose 0 = 6*d - 136 - 878. List the prime factors of d.
13
What are the prime factors of -13*(-3)/3 + 1?
2, 7
Let d(m) = -41*m + 3. List the prime factors of d(-4).
167
Let w(h) = 2*h**2 - h + 4. Suppose 2*c - 5*c + 9 = 0. List the prime factors of w(c).
19
Let z(h) = -17*h + 1. Let s be z(-1). Suppose -7*l + s = -5*l. What are the prime factors of l?
3
Let c be ((-840)/(-9))/(-4)*-3. Let x = c + -49. What are the prime factors of x?
3, 7
Let h(i) = -4*i + 0*i + 2*i**3 + 0 - i**3 - 3 - 2*i**2. List the prime factors of h(4).
13
Let i(a) = -73*a. Let s be i(1). Let b = -47 - s. What are the prime factors of b?
2, 13
Let h(j) = j**3 + 7*j**2 - 8*j - 3. List the prime factors of h(-6).
3
Let v be (-1 - 0/(-1)) + 53. Suppose 0 = 6*x - 2*x - v. What are the prime factors of x?
13
Suppose 0 = 5*x - 20 - 15. List the prime factors of x.
7
Suppose 0 = -17*w + 10*w + 1526. List the prime factors of w.
2, 109
Suppose -4*n = -4*q + 8*q - 28, 4*q - 2*n = 10. Suppose -d + q = -1. Let c = 7 - d. What are the prime factors of c?
2
Suppose -3*q + 2*q + 1 = 0. Let m = q - -4. Suppose -z - 5*o = -3*o - 15, -z - 6 = -m*o. List the prime factors of z.
3
Let v = 40 - 32. List the prime factors of v.
2
Let h(u) = u**2 - 6*u. Let k = -6 + 13. What are the prime factors of h(k)?
7
Suppose -2*c - 1510 = -7*c. What are the prime factors of c?
2, 151
Let h(q) be the first derivative of -3*q**4/4 - 2*q**3/3 + q + 3. Let j be h(-1). List the prime factors of (2/(-2) - -9)/j.
2
Let x(j) = j**3 - 2*j + 83. Let t be x(0). Let p = t - 33. List the prime factors of p.
2, 5
Suppose -2*h - 5 = 17. Let q = 29 + h. What are the prime factors of q?
2, 3
Let d = -151 - -236. What are the prime factors of 1/(-3) - d/(-3)?
2, 7
Let i(g) = 7*g**2 + 3*g + 2. What are the prime factors of i(-3)?
2, 7
Suppose 0 = d + t + 8 - 0, 2*d = t - 13. Suppose -4*g = -q - 4, -q - 4*g + 68 = 2*q. Let p = q + d. List the prime factors of p.
3
Let r(t) = -t**2 + 10*t - 6. Let g be r(4). Let f(h) = -h**2 - 3*h + 5. Let x be f(-5). Let b = x + g. List the prime factors of b.
13
Let j(i) = -i**2 - 2*i + 18. What are the prime factors of j(0)?
2, 3
Let p = 10 - 6. Let a = p + -2. Suppose 7 = a*t + 1. List the prime factors of t.
3
Let v = -3 + 3. Suppose 2*m + 5*g - 1 - 2 = v, 3*g - 13 = -4*m. List the prime factors of m.
2
Suppose -45 = -3*n + 6. What are the prime factors of n?
17
Let c be 4/(-2) + -5 + 9. Suppose 0 = -2*a - b + 18, -5*a + c*b + 44 = 4*b. Suppose 0 = 3*t - 6, 0*i - i + 5*t = a. List the prime factors of i.
2
Let w be (-28)/(-2) - (4 - 1). Suppose x + w = 2*x. List the prime factors of x.
11
Let r(u) = u**3 + 6*u**2 - 3*u. List the prime factors of r(-5).
2, 5
Suppose 3*l + 4*r - 380 = 0, -5*l + l + 532 = -r. List the prime factors of l.
2, 3, 11
Let b = -19 + 4. Let h = b + 27. List the prime factors of h.
2, 3
Suppose -51 = -2*l - 3*a, 2*l + 0*a + 4*a - 54 = 0. Let f = l - -7. What are the prime factors of f?
2, 7
Let b be (-24)/40*(-10 - 0). Let l = b - -9. List the prime factors of l.
3, 5
Let a = 92 + -65. Suppose -a = -3*m + 6. List the prime factors of m.
11
Let g(q) be the second derivative of q**3/6 + 4*q**2 + 5*q. List the prime factors of g(6).
2, 7
Suppose -3*o + 41 = 2*u + 109, -3*o = -2*u + 64. Suppose 2*q + 14 = -3*z + 88, 2*q + 5*z = 74. Let c = o + q. List the prime factors of c.
3, 5
Let m be ((-6)/(-4))/((-9)/(-12)). Suppose -k - 45 = m*k. List the prime factors of (-5)/10 + k/(-2).
7
Let a be (-4)/8*(2 + -12). Suppose 40 = r + 4*r - a*q, 3*r = 5*q + 32. List the prime factors of 22*(14/r + -3).
11
Let a(w) = w**2 + 8*w - 7. Let k be a(-9). Let y be (0 - 0) + 4/k. Suppose -3*s - 15 = y*q - 5*q, -9 = -3*s. List the prime factors of q.
2
Let n(w) = w**2 - 4*w + 5. Let l be n(5). Let a be (4/l)/((-5)/25). What are the prime factors of a/(21/(-15) - -1)?
5
Let w(b) = -b**2 - 11*b + 11. Let r be w(-10). Suppose 4 = 5*h - r. What are the prime factors of h?
5
Let z = -821 - -1183. List the prime factors of z.
2, 181
Suppose 4*r + 5 + 3 = 0. List the prime factors of 8 + r*6/4.
5
Suppose -q - 88 = -2*q. Let g = 143 - q. List the prime factors of g.
5, 11
Suppose 9 = 4*y - 3*i - 5, -4*i = y + 6. Suppose y*m - 15 = -3*m. Suppose -m*c = -2*c - 11. List the prime factors of c.
11
Suppose 176 = 4*k - 0*k. List the prime factors of k.
2, 11
Suppose -4*w = -2*j + 4 + 2, -j = -w + 2. Let p(s) = -s**2 - 5*s - 6. Let o be p(-4). Let m = o - j. List the prime factors of m.
5
Let n = -18 + -1. Let y = n - -5. List the prime factors of y/(-4) - 2/(-4).
2
Suppose -4*v + 5*v = 2*z - 188, 3*z = 2*v + 280. List the prime factors of z.
2, 3
Let v(g) = -g**3 - 5*g**2 + 6*g + 4. Let w be v(-6). Suppose 0 = -w*n + 7*n - 33. What are the prime factors of n?
11
Let i(c) = -6*c - c + 3*c**2 + c**3 + 4*c**2 - 5. Let q be i(-7). Suppose q = 3*z + t + 3*t, -3*t = -5*z + 25. List the prime factors of z.
2
Let w(t) = t**3 + 7*t**2 - 10*t - 9. Let j(i) = -5*i + 2. Let y be j(2). What are the prime factors of w(y)?
7
Suppose 2*a = 6*a + 3*f + 21, 0 = 5*a + f + 29. Let i(y) = -6*y + 7. What are the prime factors of i(a)?
43
Let h be ((-2)/4)/((-2)/(-8)). Let i = -2 - h. Suppose v - 4*g - 19 = i, 0 = 2*v + g - 5*g - 22. What are the prime factors of v?
3
Let n(z) = -z**3 - 11*z**2 + 10*z + 7. List the prime factors of n(-12).
31
Suppose 7*f = 11*f - 356. List the prime factors of f.
89
Suppose 3*t - n - 58 = n, -73 = -3*t + 5*n. Suppose v = -0*v + t. List the prime factors of v.
2
Let v(m) be the third derivative of m**5/60 + m**4/4 + 2*m**3/3 + 4*m**2. What are the prime factors of v(-8)?
2, 5
Suppose -n = 2*s, 2*n - 4*s = -0*n - 24. Let t(c) = -4*c - 8. List the prime factors of t(n).
2
Suppose 3*f = 7*f - 256. List the prime factors of f.
2
Suppose 0 = -3*s + 27 - 6. Suppose -4*h = -19 + s. What are the prime factors of h?
3
Suppose 2*y + 5*n - 40 = -0*y, 5*y - 129 = 2*n. What are the prime factors of y?
5
Suppose -234 = -5*t + 4*o, 4*t + 4*o - 220 = -o. List the prime factors of t.
2, 5
Suppose -4*g + 1199 = 5*m + 294, -2*m - 5*g = -345. List the prime factors of m.
5, 37
What are the prime factors of (4/6)/((-2)/(-33))?
11
Let s be 13 + (-1)/(-3 + 2). Let i = s + 28. Suppose 5*v - z - i = 0, -34 + 8 = -2*v + 5*z. What are the prime factors of v?
2
Suppose 3*h + 4*w = 891, -7*w + 6*w = h - 298. List the prime factors of h.
7, 43
Let z = 999 - 626. What are the prime factors of z?
373
Let v(h) be the second derivative of h**3 - h**2/2 + h. Let w be v(1). Suppose -w*k = -3*k - 30. What are the prime factors of k?
3, 5
Let l(j) = -j - 10. Let m(k) = k + 9. Let p(r) = 4*l(r) + 5*m(r). Let u be p(-3). Suppose 5*b - 31 = 2*b + z, -10 = -u*z. What are the prime factors of b?
2, 3
Suppose 0 = -b + 4*o + 110, 4*o - 152 = -5*b + 470. What are the prime factors of b?
2, 61
Let w = -3 - -5. Suppose -2*l = l. Suppose l = y - w*y + 6. What are th